 greatest common factor of 579 and 249.
3
Calculate the greatest common divisor of 156 and 52806.
78
What is the highest common factor of 2848 and 764?
4
What is the highest common factor of 31 and 2914?
31
What is the greatest common divisor of 3723 and 221?
17
Calculate the highest common factor of 4115 and 15.
5
What is the highest common factor of 8350936 and 968?
968
Calculate the greatest common factor of 178656 and 384.
96
What is the greatest common divisor of 842900 and 4?
4
What is the highest common divisor of 169344 and 42?
42
What is the highest common divisor of 23 and 373359?
23
What is the highest common factor of 1230 and 22080?
30
Calculate the greatest common divisor of 18008871 and 327.
327
Calculate the highest common factor of 44132 and 1180.
236
What is the highest common factor of 19122 and 1404?
6
Calculate the greatest common divisor of 720 and 28260.
180
Calculate the greatest common factor of 404 and 29189.
101
What is the highest common factor of 8788 and 4?
4
What is the highest common factor of 84 and 42204?
12
What is the greatest common divisor of 665 and 21875?
35
What is the highest common factor of 8502 and 2507?
109
Calculate the greatest common divisor of 14 and 2018044.
14
What is the highest common factor of 15491 and 175?
7
Calculate the highest common factor of 3567 and 1653.
87
Calculate the highest common divisor of 2379 and 14937.
39
What is the highest common factor of 59016 and 5448?
24
Calculate the highest common divisor of 39650 and 21411.
793
Calculate the highest common factor of 630 and 84.
42
What is the highest common divisor of 11070 and 188805?
615
Calculate the highest common factor of 1116 and 2873421.
279
What is the highest common divisor of 32984 and 308?
28
Calculate the highest common factor of 42 and 1740340.
14
Calculate the highest common factor of 39423 and 2703.
51
Calculate the greatest common divisor of 154214 and 166.
166
What is the highest common divisor of 184 and 16583?
23
Calculate the highest common divisor of 82844 and 1788.
596
What is the greatest common factor of 650 and 178425?
325
Calculate the highest common divisor of 431020 and 29900.
460
What is the greatest common divisor of 470128 and 16?
16
What is the greatest common factor of 134 and 3078650?
134
What is the greatest common divisor of 10137 and 3069?
93
What is the highest common factor of 2123 and 579?
193
Calculate the highest common factor of 4260 and 90170.
710
Calculate the greatest common divisor of 27 and 82647.
27
Calculate the highest common factor of 2860 and 26840.
220
What is the greatest common divisor of 30 and 1493025?
15
What is the greatest common factor of 9032 and 136?
8
What is the highest common divisor of 4401 and 5319?
27
Calculate the greatest common divisor of 201256 and 2112.
88
Calculate the highest common divisor of 102 and 1474563.
51
Calculate the highest common divisor of 76077 and 158.
79
What is the highest common divisor of 294 and 236964?
294
What is the greatest common divisor of 8 and 348136?
8
What is the highest common divisor of 713 and 621?
23
What is the highest common divisor of 15505 and 630?
35
Calculate the highest common divisor of 1617617 and 172.
43
Calculate the greatest common factor of 380 and 880.
20
Calculate the highest common factor of 702 and 139269.
39
Calculate the highest common divisor of 113554 and 42.
14
What is the highest common divisor of 224 and 4382?
14
What is the highest common divisor of 480 and 9840?
240
What is the highest common divisor of 176 and 16400?
16
Calculate the highest common factor of 33 and 1234343.
11
Calculate the highest common factor of 525 and 429625.
175
What is the highest common factor of 1695 and 6405?
15
Calculate the highest common divisor of 121 and 4686209.
121
Calculate the greatest common divisor of 432 and 3636.
36
Calculate the highest common divisor of 207 and 36915.
69
Calculate the highest common factor of 139112 and 20.
4
Calculate the greatest common divisor of 1357 and 21850.
23
What is the greatest common divisor of 273861 and 1911?
147
What is the highest common factor of 36264 and 48?
24
Calculate the highest common divisor of 1673 and 1141.
7
Calculate the greatest common divisor of 18 and 1783.
1
Calculate the highest common divisor of 238 and 3738.
14
Calculate the highest common divisor of 896 and 10560.
64
What is the greatest common divisor of 960 and 72256?
64
What is the highest common divisor of 271701 and 18?
9
What is the highest common divisor of 690 and 122360?
230
Calculate the greatest common divisor of 16552 and 56.
8
Calculate the highest common factor of 94205 and 83.
83
What is the highest common divisor of 69 and 21367?
23
Calculate the highest common divisor of 116 and 3481682.
58
Calculate the highest common divisor of 6936 and 6392.
136
Calculate the highest common factor of 100395 and 345.
345
Calculate the highest common factor of 19906686 and 18.
18
What is the highest common divisor of 770 and 954338?
154
What is the greatest common divisor of 112672 and 128?
32
What is the greatest common divisor of 16455 and 645?
15
What is the greatest common divisor of 3072 and 7808?
128
Calculate the highest common factor of 3267 and 3834.
27
What is the highest common divisor of 370 and 3686310?
370
Calculate the greatest common divisor of 1399568 and 32.
16
What is the highest common factor of 198579 and 111?
111
What is the highest common factor of 657 and 24?
3
Calculate the greatest common factor of 840 and 101976.
168
What is the highest common divisor of 102 and 133200?
6
Calculate the greatest common divisor of 119392 and 588.
28
What is the greatest common factor of 395068 and 1745?
349
Calculate the highest common factor of 379144 and 664.
664
Calculate the highest common factor of 95 and 21185.
95
What is the greatest common divisor of 926 and 732003?
463
What is the greatest common factor of 768 and 447968?
32
What is the highest common factor of 140 and 244580?
140
What is the greatest common divisor of 102159 and 27?
9
What is the highest common factor of 648 and 979128?
648
What is the highest common factor of 624061 and 41?
41
Calculate the greatest common divisor of 57350 and 62.
62
Calculate the highest common factor of 836 and 16929.
209
Calculate the greatest common factor of 119 and 13464.
17
Calculate the highest common factor of 4418 and 4606.
94
What is the greatest common divisor of 3186 and 4482?
54
What is the greatest common factor of 110880 and 2475?
495
Calculate the greatest common divisor of 120 and 158835.
15
What is the greatest common divisor of 6853965 and 285?
285
What is the highest common divisor of 1 and 5079?
1
What is the greatest common divisor of 171 and 182913?
57
Calculate the highest common divisor of 882696 and 24.
24
What is the highest common factor of 37 and 165131?
37
Calculate the greatest common factor of 8 and 24328.
8
What is the greatest common factor of 13949 and 154401?
481
What is the highest common factor of 40 and 6785?
5
Calculate the greatest common factor of 43827 and 21.
21
What is the greatest common divisor of 255806 and 1206?
134
What is the highest common factor of 156640 and 112640?
1760
What is the highest common divisor of 21478114 and 14?
14
Calculate the highest common divisor of 100856 and 224.
56
Calculate the highest common factor of 1238731 and 13.
13
Calculate the greatest common factor of 2806020 and 153.
153
Calculate the greatest common factor of 7722 and 1573.
143
What is the highest common factor of 98 and 207319?
49
Calculate the highest common divisor of 16440 and 360.
120
What is the greatest common divisor of 6840 and 300?
60
What is the highest common factor of 3 and 346893?
3
Calculate the highest common factor of 75830 and 20.
10
Calculate the highest common factor of 45580 and 3956.
172
What is the highest common factor of 9065 and 90?
5
Calculate the highest common factor of 22302 and 12366.
54
Calculate the greatest common factor of 109 and 486031.
109
Calculate the greatest common factor of 11782 and 5246.
86
Calculate the greatest common factor of 49 and 52115.
7
Calculate the highest common divisor of 2232655 and 205.
205
Calculate the highest common divisor of 26742 and 12.
6